{"id":2722,"date":"2025-03-25T19:26:29","date_gmt":"2025-03-25T17:26:29","guid":{"rendered":"https:\/\/bds.ens-paris-saclay.fr\/?page_id=2722"},"modified":"2025-04-04T09:27:31","modified_gmt":"2025-04-04T07:27:31","slug":"handball-f","status":"publish","type":"page","link":"https:\/\/bds.ens-paris-saclay.fr\/?page_id=2722","title":{"rendered":"Handball F"},"content":{"rendered":"\n<figure class=\"wp-block-image size-large\"><img decoding=\"async\" loading=\"lazy\" width=\"1024\" height=\"307\" src=\"https:\/\/bds.ens-paris-saclay.fr\/wp-content\/uploads\/2025\/04\/4-1024x307.jpg\" alt=\"\" class=\"wp-image-2803\" srcset=\"https:\/\/bds.ens-paris-saclay.fr\/wp-content\/uploads\/2025\/04\/4-1024x307.jpg 1024w, https:\/\/bds.ens-paris-saclay.fr\/wp-content\/uploads\/2025\/04\/4-300x90.jpg 300w, https:\/\/bds.ens-paris-saclay.fr\/wp-content\/uploads\/2025\/04\/4-768x230.jpg 768w, https:\/\/bds.ens-paris-saclay.fr\/wp-content\/uploads\/2025\/04\/4-1536x461.jpg 1536w, https:\/\/bds.ens-paris-saclay.fr\/wp-content\/uploads\/2025\/04\/4.jpg 2000w\" sizes=\"(max-width: 1024px) 100vw, 1024px\" \/><\/figure>\n\n\n<p>Tu r\u00eaves de sport d\u2019\u00e9quipe, mais le rugby te para\u00eet un peu trop \u201ccontact\u201d ? Tu cherches quelque chose avec plus d\u2019action qu\u2019un match de volley, mais sans risquer un KO \u00e0 chaque passe ? Le club de handball[ENS]tique est ton nouveau terrain de jeu !<br>Rejoins-nous et sois pionni\u00e8re du handball f\u00e9minin (oui, tu as bien lu, le handball n\u2019existait m\u00eame pas avant cette ann\u00e9e, alors fais partie des premi\u00e8res \u00e0 marquer l\u2019histoire !). Que tu sois une d\u00e9butante pleine d\u2019enthousiasme ou une experte du ballon rond (ou presque), tu trouveras ta place parmi des passionn\u00e9(e)s, toujours pr\u00eates \u00e0 partager leur amour du sport.<br>Les entra\u00eenements, les matchs, les week-ends \u201chandball\u201d&#8230; On te promet aucun moment d\u2019ennui (et \u00e7a, c\u2019est garanti !). Tu vas t\u2019\u00e9clater \u00e0 chaque s\u00e9ance et finir chaque week-end avec un grand sourire.<br>Alors, pr\u00eate \u00e0 rejoindre l\u2019aventure ? On t\u2019attend&nbsp;\u00e0&nbsp;la&nbsp;rentr\u00e9e&nbsp;!<\/p>\n\n\n<figure class=\"wp-block-image size-large\"><img decoding=\"async\" loading=\"lazy\" width=\"1024\" height=\"768\" src=\"https:\/\/bds.ens-paris-saclay.fr\/wp-content\/uploads\/2025\/03\/WhatsApp-Image-2024-12-01-a-17.18.02_fdcd4ff7-1024x768.jpg\" alt=\"\" class=\"wp-image-2733\" srcset=\"https:\/\/bds.ens-paris-saclay.fr\/wp-content\/uploads\/2025\/03\/WhatsApp-Image-2024-12-01-a-17.18.02_fdcd4ff7-1024x768.jpg 1024w, https:\/\/bds.ens-paris-saclay.fr\/wp-content\/uploads\/2025\/03\/WhatsApp-Image-2024-12-01-a-17.18.02_fdcd4ff7-300x225.jpg 300w, https:\/\/bds.ens-paris-saclay.fr\/wp-content\/uploads\/2025\/03\/WhatsApp-Image-2024-12-01-a-17.18.02_fdcd4ff7-768x576.jpg 768w, https:\/\/bds.ens-paris-saclay.fr\/wp-content\/uploads\/2025\/03\/WhatsApp-Image-2024-12-01-a-17.18.02_fdcd4ff7-1536x1152.jpg 1536w, https:\/\/bds.ens-paris-saclay.fr\/wp-content\/uploads\/2025\/03\/WhatsApp-Image-2024-12-01-a-17.18.02_fdcd4ff7.jpg 2048w\" sizes=\"(max-width: 1024px) 100vw, 1024px\" \/><\/figure>\n","protected":false},"excerpt":{"rendered":"<p>Tu r\u00eaves de sport d\u2019\u00e9quipe, mais le rugby te para\u00eet un peu trop \u201ccontact\u201d ? Tu cherches quelque chose avec plus d\u2019action qu\u2019un match de volley, mais sans risquer un KO \u00e0 chaque passe ? Le club de handball[ENS]tique est ton nouveau terrain de jeu !Rejoins-nous et sois pionni\u00e8re du handball f\u00e9minin (oui, tu as [&hellip;]<\/p>\n","protected":false},"author":1,"featured_media":0,"parent":0,"menu_order":0,"comment_status":"closed","ping_status":"closed","template":"","meta":{"_mi_skip_tracking":false},"_links":{"self":[{"href":"https:\/\/bds.ens-paris-saclay.fr\/index.php?rest_route=\/wp\/v2\/pages\/2722"}],"collection":[{"href":"https:\/\/bds.ens-paris-saclay.fr\/index.php?rest_route=\/wp\/v2\/pages"}],"about":[{"href":"https:\/\/bds.ens-paris-saclay.fr\/index.php?rest_route=\/wp\/v2\/types\/page"}],"author":[{"embeddable":true,"href":"https:\/\/bds.ens-paris-saclay.fr\/index.php?rest_route=\/wp\/v2\/users\/1"}],"replies":[{"embeddable":true,"href":"https:\/\/bds.ens-paris-saclay.fr\/index.php?rest_route=%2Fwp%2Fv2%2Fcomments&post=2722"}],"version-history":[{"count":6,"href":"https:\/\/bds.ens-paris-saclay.fr\/index.php?rest_route=\/wp\/v2\/pages\/2722\/revisions"}],"predecessor-version":[{"id":2804,"href":"https:\/\/bds.ens-paris-saclay.fr\/index.php?rest_route=\/wp\/v2\/pages\/2722\/revisions\/2804"}],"wp:attachment":[{"href":"https:\/\/bds.ens-paris-saclay.fr\/index.php?rest_route=%2Fwp%2Fv2%2Fmedia&parent=2722"}],"curies":[{"name":"wp","href":"https:\/\/api.w.org\/{rel}","templated":true}]}}